 base 15, what is -5 - -887386?
887381
In base 14, what is -86996d - 3?
-869972
In base 16, what is 173c7c + 2d1?
173f4d
In base 6, what is -4424 - 25345?
-34213
In base 7, what is -360522544 + 2?
-360522542
In base 4, what is -231111212 - -1102232?
-230002320
In base 11, what is 177679 - 29?
177650
In base 6, what is 3342111152 + -5?
3342111143
In base 10, what is 2875968 + 3?
2875971
In base 10, what is -23314885 + 4?
-23314881
In base 16, what is -297e + -2?
-2980
In base 10, what is 33620 + 3992?
37612
In base 5, what is -424143 - 1341?
-431034
In base 12, what is -1a4a9b1a + -3?
-1a4a9b21
In base 10, what is -12280 + 5280?
-7000
In base 16, what is -42dca + -4?
-42dce
In base 5, what is 10 + -34020012143?
-34020012133
In base 6, what is 435325 - -21324?
501053
In base 12, what is 1 + 6946a3?
6946a4
In base 5, what is 32 + 134433122?
134433204
In base 6, what is -22042330 + 105?
-22042221
In base 15, what is 1e + -484c83?
-484c64
In base 9, what is -1863336 + 363?
-1862863
In base 7, what is 424426 - -160?
424616
In base 11, what is 12053 + -319?
11835
In base 3, what is -2020 - 1001100102220?
-1001100112010
In base 12, what is 38280 + 268?
38528
In base 2, what is -101011011000100101 - -10010?
-101011011000010011
In base 16, what is -82a22b - 1a?
-82a245
In base 5, what is -1312113 - -2104?
-1310004
In base 6, what is -1 - 532555321?
-532555322
In base 3, what is -100 - -11112020020012?
11112020012212
In base 12, what is 2 - 105834a3?
-105834a1
In base 10, what is -1532 - -15134?
13602
In base 11, what is 2710a4 - -6?
2710aa
In base 14, what is 59a6 + -176?
5830
In base 16, what is -4b98447 - 5?
-4b9844c
In base 12, what is 1896 - 5b3?
12a3
In base 5, what is -132430 + -441?
-133421
In base 12, what is b + -435b9a?
-435b8b
In base 9, what is -113136 + -60?
-113206
In base 7, what is -443350 + -422?
-444102
In base 8, what is -1113000721 + -2?
-1113000723
In base 9, what is -470205766 + 3?
-470205763
In base 14, what is a - -3191d?
31929
In base 3, what is -2021121 - 1121?
-2100012
In base 5, what is -1434241342 + 131?
-1434241211
In base 9, what is 64878 - 1505?
63373
In base 4, what is 132 - -1023233223?
1023300021
In base 15, what is 56ac - 187?
5525
In base 15, what is -141a35d + 1?
-141a35c
In base 5, what is 2003 + 443413202?
443420210
In base 9, what is 852646743 + -3?
852646740
In base 9, what is 704315570 - -3?
704315573
In base 9, what is 5 + 241351471?
241351476
In base 12, what is -28 - -9b449?
9b421
In base 13, what is -288b + 53a?
-2351
In base 11, what is -1 + -1040850?
-1040851
In base 15, what is 57cc02c - 2?
57cc02a
In base 16, what is 91bfb - -6?
91c01
In base 10, what is 347 - 11131?
-10784
In base 9, what is 462832125 - 5?
462832120
In base 15, what is -1353559e + 0?
-1353559e
In base 14, what is 35c2 - 9b7b?
-6599
In base 10, what is -20008484 - -18?
-20008466
In base 10, what is 5 - 7308390?
-7308385
In base 16, what is 24 - 4bfb9?
-4bf95
In base 11, what is -1 + 31905702?
31905701
In base 7, what is 22203 - -161625?
214131
In base 14, what is -b9 - -3a64d6?
3a641b
In base 6, what is 145423 - 3031?
142352
In base 15, what is 3b12 + 2c16?
6828
In base 4, what is 11321213 + -2123?
11313030
In base 3, what is 1001012220211 - -20?
1001012221001
In base 5, what is -12400 - -11043223?
11030323
In base 15, what is 92a - c80?
-355
In base 16, what is 152 + -6f0e2?
-6ef90
In base 3, what is -10001210012121120120 - -2?
-10001210012121120111
In base 11, what is 54 - 884661?
-884608
In base 8, what is 4 + -2422213?
-2422207
In base 14, what is -10 - -319ac?
3199c
In base 16, what is -1eea9f4 + 2?
-1eea9f2
In base 12, what is -11968b - -18?
-119673
In base 10, what is 58449 - 65?
58384
In base 15, what is 0 - -835400?
835400
In base 8, what is 11477716 + -3?
11477713
In base 8, what is 2241 + 2312304?
2314545
In base 12, what is 0 - -1a156b?
1a156b
In base 6, what is 3353054410 + 12?
3353054422
In base 6, what is -2 + -10131343021?
-10131343023
In base 11, what is 4860421 - 4?
4860418
In base 7, what is 36 + 504442?
504511
In base 2, what is 0 - 1000100011011010100?
-1000100011011010100
In base 9, what is 4128236 - -1?
4128237
In base 4, what is 10321000332 - 31033?
10320303233
In base 14, what is -48a90c9 + -17?
-48a9102
In base 15, what is 33bce3 - 9?
33bcd9
In base 16, what is -c18268 + 0?
-c18268
In base 10, what is -58379 - -6?
-58373
In base 9, what is 44177 - -201?
44378
In base 2, what is -100011111000111000000011010 - 101?
-100011111000111000000011111
In base 9, what is 877244 + 21?
877265
In base 15, what is 4 + -53e74?
-53e70
In base 2, what is 1011101010000001011111 + 1000?
1011101010000001100111
In base 7, what is 234054 + 20434?
254521
In base 6, what is -253015 + -145531?
-442550
In base 12, what is -a + 2b19026?
2b19018
In base 8, what is -3642405 + 3?
-3642402
In base 4, what is 11 + 320110211320?
320110211331
In base 6, what is 221134 - -54051?
315225
In base 8, what is -20030 - 13?
-20043
In base 3, what is 220000020 - -10?
220000100
In base 13, what is -7833 + a95?
-6a6b
In base 2, what is -10100111001110000100011 + 11?
-10100111001110000100000
In base 5, what is -23323141 - -21101?
-23302040
In base 14, what is -d8d - 23c?
-11cb
In base 4, what is -2 - -2121022112011?
2121022112003
In base 10, what is 5 - 14142466?
-14142461
In base 14, what is 1 + -5503a0?
-55039d
In base 5, what is 141 + 140123000?
140123141
In base 16, what is -49 - -9bd42?
9bcf9
In base 15, what is 2 - 3c9213?
-3c9211
In base 11, what is 530672 + 125?
530797
In base 11, what is -101 + -136aa0?
-1370a1
In base 10, what is 1493 - 42900?
-41407
In base 16, what is 3013ce - 7?
3013c7
In base 7, what is -1 - -10252624551?
10252624550
In base 15, what is -2a9461 - -16?
-2a944a
In base 8, what is 2364225 + 1?
2364226
In base 12, what is -62 + 6a34?
6992
In base 6, what is 1 + -134315452?
-134315451
In base 3, what is -102202101020 + 10?
-102202101010
In base 10, what is 412140 - -74?
412214
In base 12, what is 36 + -119b2b3?
-119b279
In base 9, what is 4238024 + 0?
4238024
In base 15, what is 2d5662d + -2?
2d5662b
In base 4, what is -133122 - 112223223?
-113023011
In base 11, what is 3 + 11159315?
11159318
In base 2, what is 10000110010000 + -110101011?
1111111100101
In base 5, what is -40120431 + 1?
-40120430
In base 13, what is -4a + 1b1019?
1b0c9c
In base 13, what is -96209a + 5?
-962095
In base 3, what is 21 + -20022210001221?
-20022210001200
In base 2, what is -101000 - 10001011111010001100000?
-10001011111010010001000
In base 8, what is 1 + 416702476?
416702477
In base 10, what is -29729 + 189?
-29540
In base 14, what is 1a7 + -2021b0?
-202007
In base 2, what is -1111111110100 - 100010110010011?
-110010110000111
In base 12, what is -7 + -a5956?
-a5961
In base 13, what is -1c5aa9 + 68?
-1c5a41
In base 16, what is -6f0243 - -10?
-6f0233
In base 15, what is -707 - -1338?
b31
In base 15, what is -2 + aa304b?
aa3049
In base 2, what is 11010001 + -1011101011101001?
-1011101000011000
In base 11, what is 12562 + -4aa4?
8569
In base 7, what is 15014135 + 162?
15014330
In base 12, what is -1b2725a + 2?
-1b27258
In base 5, what is 1341441 + 13211?
1410202
In base 16, what is ea - -7ac?
896
In base 3, what is 20201202010022012212 - -2?
20201202010022012221
In base 7, what is 30005 + 4003?
34011
In base 2, what is -10000101000100110 - 100100?
-10000101001001010
In base 6, what is 1 - -11321001?
11321002
In base 7, what is 1022536 + 35511?
1061350
In base 6, what is 340430140 - 2?
340430134
In base 14, what is d65da0a + 5?
d65da11
In base 3, what is 22110 + 100221010112?
100221102222
In base 11, what is -17 + 5a12?
59a6
In base 15, what is -4d - 139cbe?
-139d1c
In base 16, what is -af - -fde5d?
fddae
In base 6, what is -43324424 - -205?
-43324215
In base 14, what is -745315 - -12?
-745303
In base 16, what is -3 + 275b71?
275b6e
In base 4, what is -1010210012203320 + -1?
-1010210012203321
In base 9, what is 234452 + 4?
234456
In base 2, what is 11101110111001111101111 + 100?
11101110111001111110011
In base 3, what is 2102002121 - -101002?
2102110200
In base 4, what is 230311113221 + 2?
230311113223
In base 2, what is -10000000010111011 + -10010001?
-10000000101001100
In base 4, what is -330 + 200021222?
200020232
In base 6, what is -14450514 + -2013